is 6 - -104?
113
In base 13, what is 4 + -176?
-172
In base 8, what is 3 + -55?
-52
In base 2, what is -10 + 1000010001110?
1000010001100
In base 11, what is -5 - -6?
1
In base 2, what is -1001101001 + -10101?
-1001111110
In base 10, what is 2 - -11?
13
In base 12, what is 7a0 + -14?
788
In base 10, what is 461 + -2?
459
In base 11, what is 1 - 462?
-461
In base 7, what is -25466 - -1?
-25465
In base 15, what is 1a + -5?
15
In base 5, what is -1201 + -4?
-1210
In base 16, what is 3 + 13a?
13d
In base 4, what is 22 + 2232?
2320
In base 11, what is -119 + 4?
-115
In base 7, what is -3 + -125?
-131
In base 4, what is -1 - 1112?
-1113
In base 4, what is 332 + 1001?
1333
In base 9, what is -1762 + -2?
-1764
In base 8, what is -4 - 36?
-42
In base 16, what is 28 - -5?
2d
In base 13, what is 13 - b?
5
In base 5, what is -404 - 2?
-411
In base 5, what is 10140 - -3?
10143
In base 14, what is -4 - -a1?
9b
In base 16, what is -1 + f2d?
f2c
In base 4, what is 0 - 32031?
-32031
In base 9, what is -51 + 3?
-47
In base 15, what is -1d + 43?
25
In base 8, what is 6 - -170?
176
In base 10, what is 230 + -1?
229
In base 10, what is 16 + -765?
-749
In base 10, what is 252 + 3?
255
In base 10, what is 4 - -409?
413
In base 5, what is 0 - 232?
-232
In base 3, what is -1010 + -122000?
-200010
In base 10, what is 13 + 218?
231
In base 7, what is -5 + -101?
-106
In base 4, what is 20211 + -2?
20203
In base 13, what is 19 - 0?
19
In base 2, what is 0 + 110101001?
110101001
In base 5, what is -4 - 21131?
-21140
In base 10, what is 0 + -1765?
-1765
In base 12, what is -34 - -8?
-28
In base 11, what is -11 - 62?
-73
In base 16, what is -57c + 0?
-57c
In base 9, what is 5 + 375?
381
In base 11, what is 1916 - -3?
1919
In base 7, what is 1 - -264?
265
In base 15, what is -e - -5a?
4b
In base 3, what is 211 + -100120?
-22202
In base 4, what is -2 + -2130?
-2132
In base 4, what is -1213 + -1002?
-2221
In base 10, what is 3 + 950?
953
In base 9, what is 35 + -13?
22
In base 8, what is 2 + -132?
-130
In base 9, what is 5 + 65?
71
In base 13, what is -7 + -54?
-5b
In base 15, what is -9 - 180?
-189
In base 16, what is 9 - -19?
22
In base 13, what is 0 - 9?
-9
In base 12, what is 1 - -386?
387
In base 4, what is 1223 - 0?
1223
In base 8, what is 3 - -2056?
2061
In base 13, what is a84 + -5?
a7c
In base 4, what is -3123 - 10?
-3133
In base 5, what is -2 - -131?
124
In base 16, what is 11 - 147?
-136
In base 3, what is -2 - 10222112?
-10222121
In base 16, what is 3c - -11?
4d
In base 11, what is -6 - -127?
121
In base 3, what is 0 + 22220?
22220
In base 4, what is 1 + 1310?
1311
In base 7, what is -11601 - 0?
-11601
In base 14, what is -1 + 3a?
39
In base 8, what is 454 - -3?
457
In base 3, what is 1121 - 100?
1021
In base 16, what is -6 + -b?
-11
In base 11, what is 3 - 1a67?
-1a64
In base 3, what is 11000 + 10?
11010
In base 8, what is 4 + 2637?
2643
In base 14, what is -25 + -4?
-29
In base 7, what is 4545 + -5?
4540
In base 3, what is -1001020 + 2?
-1001011
In base 7, what is 1021 + 20?
1041
In base 7, what is -435 - 5?
-443
In base 3, what is 220 - -211102?
212022
In base 13, what is 46 - -4?
4a
In base 15, what is 3 + -441?
-43d
In base 7, what is 42 + 324?
366
In base 6, what is -2440 - 15?
-2455
In base 15, what is -3 + 31?
2d
In base 3, what is -11000121 + -1?
-11000122
In base 13, what is -18ba - 0?
-18ba
In base 12, what is -9 + -36?
-43
In base 14, what is 734 - 2?
732
In base 4, what is -300131 - 10?
-300201
In base 8, what is -31 - -1?
-30
In base 5, what is -1 - -142?
141
In base 5, what is 2004 - -41?
2100
In base 9, what is -34 - -12?
-22
In base 3, what is 2 + -210212?
-210210
In base 16, what is 85e + -3?
85b
In base 9, what is 73 + -2?
71
In base 4, what is -201 + 2221?
2020
In base 3, what is -221 + -20?
-1011
In base 8, what is 75 + 10?
105
In base 5, what is -30 + -121?
-201
In base 12, what is -6 + -5?
-b
In base 5, what is 42440 - -12?
43002
In base 7, what is 453 - -32?
515
In base 16, what is -76 - 5a?
-d0
In base 13, what is -543 - 4?
-547
In base 10, what is -55 + 0?
-55
In base 13, what is 2b + -6?
25
In base 11, what is -6675 + 2?
-6673
In base 15, what is 2 - -3b7?
3b9
In base 4, what is 3 - -23?
32
In base 11, what is 74 - -4?
78
In base 15, what is -1a4 + -2?
-1a6
In base 9, what is -11 + -2445?
-2456
In base 15, what is -2 - -12?
10
In base 10, what is 200 - 5?
195
In base 16, what is -4 - c0?
-c4
In base 13, what is 1339 + 4?
1340
In base 12, what is 4 - 97?
-93
In base 14, what is -a8 + 0?
-a8
In base 15, what is -14ec - 2?
-14ee
In base 7, what is -65 - -6?
-56
In base 11, what is 3 - -186?
189
In base 3, what is 1002 - -1010?
2012
In base 3, what is -111000 - 10?
-111010
In base 6, what is -25 - 22?
-51
In base 15, what is -1575 - 4?
-1579
In base 5, what is 2243 + -11?
2232
In base 6, what is 12 - -51?
103
In base 4, what is 0 + -1?
-1
In base 9, what is -1 - 8560?
-8561
In base 16, what is -3 - 11e?
-121
In base 11, what is 36 - -6?
41
In base 15, what is -2 + 18d?
18b
In base 6, what is 2223 - -5?
2232
In base 14, what is 32 + 17?
49
In base 3, what is -12 + 10010?
2221
In base 14, what is 3 - -12?
15
In base 15, what is -2 + 28?
26
In base 9, what is -52 + 4?
-47
In base 10, what is 125 + -2?
123
In base 10, what is 110 - 4?
106
In base 11, what is 1 - 3a1?
-3a0
In base 14, what is 204b + -4?
2047
In base 14, what is -2c - -5?
-27
In base 6, what is 3002 - -1?
3003
In base 9, what is 1214 - -2?
1216
In base 4, what is 121100 - 0?
121100
In base 8, what is -363 - 2?
-365
In base 16, what is -150 + 8?
-148
In base 4, what is -2213 - 331?
-3210
In base 5, what is -1 - 21?
-22
In base 5, what is 1 - 10202?
-10201
In base 9, what is 10 + -1362?
-1352
In base 6, what is 14 - 11251?
-11233
In base 8, what is 14 - -2340?
2354
In base 4, what is -30003 - -2?
-30001
In base 2, what is 11101101100 - -101?
11101110001
In base 13, what is 672 - 1?
671
In base 7, what is -3 + 35?
32
In base 6, what is 25 + -1025?
-1000
In base 9, what is 8 + -23?
-14
In base 7, what is 13 + -45?
-32
In base 15, what is -a3 - -4?
-9e
In base 16, what is 30 + 5?
35
In base 2, what is 1010101 + -10?
1010011
In base 9, what is 225 + 136?
362
In base 8, what is 127 + 40?
167
In base 4, what is 3013 + -11?
3002
In base 9, what is -107 - 47?
-155
In base 16, what is -c + c0?
b4
In base 12, what is -33a8 + 5?
-33a3
In base 10, what is 2 - 5?
-3
In base 12, what is -9 + -142?
-14b
In base 2, what is 1000101111010100 - -10?
1000101111010110
In base 3, what is -1 + 22011?
22010
In base 2, what is 0 + 1010000110000?
1010000110000
In base 14, what is -39c + -5?
-3a3
In base 13, what is -c0 - 1?
-c1
In base 16, what is 4c + -2?
4a
In base 12, what is 5 + -923?
-91a
In base 14, what is 121 + -7?
118
In base 7, what is -6 - -23?
14
In base 8, what is 1175 + 10?
1205
In base 11, what is a73 - -4?
a77
In base 14, what is 5 - -10?
15
In base 2, what is -10 - -1111010000?
1111001110
In base 5, what is -3 + -11?
-14
In base 6, what is 5 + -134?
-125
In base 11, what is 0 - 2200?
-2200
In base 2, what is 1011 + 11101001?
11110100
In base 7, what is 4 + -245?
-241
In base 15, what is 11 + -10?
1
In base 7, what is 51 - 2?
46
In base 14, what is 55 - 0?
55
In base 14, what is -38 - -3?
-35
In base 9, what is 13 + 268?
282
In base 11, what is -29 + -32?
-60
In base 6, what is 1 + 52?
53
In base 15, what is 7 - -7?
e
In base 4, what is -322 + 3?
-313
In base 12, what is 37 - -299?
314
In base 12, what is a01 - -1?
a02
In base 3, what is -1002 + -20?
-1022
In base 12, what is -2 + 684?
682
In base 12, what is b1 - 2?
ab
In base 3, what is 10122 + 0?
10122
In base 14, what is -1a + -1?
-1b
In base 12, what is 3 + 22?
25
In base 14, what is -4 + 32c?
328
In base 5, what is -4 - -1032?
1023
In base 15, what is ea + 8?
103
In base 12, what is -267 - 15?
-280
In base 8, what is 1304 - 5?
1277
In base 11, what is 2325 - 5?
2320
In base 7, what is 265 - 4?
261
In base 15, what is 6 - -33?
39
In base 14, what is 4 + 3b?
41
In base 4, what is 10 - 3?
1
In base 10, what is 1 + -11?
-10
In base 15, what is db - -7?
e3
In base 7, what is 41642 - 5?
41634
In base 12, what is -1b - -b?
-10
In base 3, what is -210001120 + 2?
-210001111
In base 13, what is 158 - 1?
157
In base 11, what is a + 1046?
1055
I